pose 7*d - 105 = 11*d - 5*l, 3*d + 65 = l. Let z(g) = g**3 + 22*g**2 + 6*g - 46. What is the units digit of z(d)?
4
Let m = 2 - -3. Suppose 4*q - 31 = m. What is the tens digit of 2*(q - -4) + -2?
2
Let n(a) = -20288*a + 177. What is the ten thousands digit of n(-1)?
2
Suppose 4*r + 0*r - 50072 = 0. Suppose -r = -14*i + 8888. Suppose -2*y - 9*y = -i. What is the units digit of y?
9
Suppose 3*g = 2*s + 25649, 2*g + 7629 = 3*s + 24725. What is the units digit of g?
1
Suppose -45036 = -6*h + 22620. What is the units digit of h?
6
Let g = -55 - -55. Let p(a) = 11*a - 143. Let d be p(g). Let h = d + 314. What is the tens digit of h?
7
What is the tens digit of (2 + 1638/4)/(-6 + (-299)/(-46))?
2
Let g(y) = 410*y**2 + 51*y + 206. What is the tens digit of g(-4)?
6
Let x = 92613 + -40840. What is the hundreds digit of x?
7
Let x be (3 + 21/(-9))/((-4)/18). Let y be -2 + (-281 - (0 + x - -4)). Let s = y - -485. What is the units digit of s?
1
What is the tens digit of 5 + -11 + 4526 + -4?
1
Let s = 22591 - 13192. What is the hundreds digit of s?
3
What is the hundreds digit of ((4/28 + 0)*2570)/(127/6223)?
9
Suppose -5*h + 7 = -13. Suppose -d + h*r = d - 12, 3*d + r = 4. Suppose -13 = -d*g + 141. What is the units digit of g?
7
Let b = -32874 - -51692. What is the tens digit of b?
1
Let f = -1112 - -4240. What is the hundreds digit of f/3 + 79/237?
0
Let l(x) = 513*x - 163. Let u be l(5). Suppose 2*b = 4*v - u, 414 = 3*v - 5*b - 1398. What is the hundreds digit of v?
5
Let w(b) = -411*b**3 - b. Let s be w(1). Let z = 592 + s. Suppose 4*o - 4*m = z, 152 = 4*o + 5*m - 73. What is the units digit of o?
0
Let d = -40 + 45. Let y be 51/9 - d*(-4)/(-30). Suppose 0 = -y*b - 4*q + 21, 5*b - 5*q - 13 = -7*q. What is the units digit of b?
1
Let w(u) = -u**3 + 12*u**3 - 12*u**3 - 2*u - 14*u**2. What is the tens digit of w(-14)?
2
Suppose w - 4 - 1 = 0, -2*z + w = -5. Suppose z*o + 44 = 16*o. Suppose 0*v + 4*v - 20 = -o*l, 0 = 3*v + l - 23. What is the units digit of v?
9
Suppose 0 = 9*j - 16*j - 28. Let q be (-15)/5 - j - -1. Suppose v - 27 = -r + q*r, -92 = -4*v - 4*r. What is the tens digit of v?
2
Let z = -17 - -19. What is the tens digit of 2306/10 + z/5?
3
What is the units digit of ((-2503 - 0)*1)/((-4)/(-20)*-1)?
5
Suppose -4*o - 3*g + 1277 = 0, -7*o - 4*g + 1597 = -2*o. Let f be -223*(1 + (-4)/(-8)*0). Let s = f + o. What is the units digit of s?
4
Suppose 2*r - 2*v + 7*v = -10, 2*v = -3*r + 7. Suppose -2*c - 2*h = 54, r*h - 117 = 3*c + c. Let j = 79 + c. What is the tens digit of j?
5
Let n(z) be the third derivative of 11*z**5/30 - 5*z**4/8 - 37*z**3/6 - 34*z**2 + 2*z. What is the hundreds digit of n(-6)?
8
Suppose 4*k - 108639 = 5*n, -41*k = -46*k + 6*n + 135798. What is the ten thousands digit of k?
2
Suppose 0 = -4*q - 125 - 7. Let r = -26 - q. Suppose -4*x + r*x - 165 = 0. What is the tens digit of x?
5
What is the units digit of 22323049/511 + (-12)/438?
5
Let m be 84/56*4040/6. Suppose 20*b = 1510 + m. What is the tens digit of b?
2
Suppose -2*h - 11 = -3*h. What is the tens digit of h/((2 - -2)/116)?
1
Let y(v) = 6*v + 52. Suppose 2*p = 2*f - 12 + 50, 2*p + 5*f - 24 = 0. What is the tens digit of y(p)?
5
Let g(f) = 7*f**2 - 36*f - 37. Let n be g(-1). Suppose n*z = 11155 - 1327. What is the hundreds digit of z?
6
Let w = -8420 + 13639. What is the units digit of w?
9
Suppose -38*a = -47*a + 66177. Suppose 59233 = 40*n + a. What is the hundreds digit of n?
2
Suppose 80*n + 442358 = 118*n. What is the hundreds digit of n?
6
Let y = -2 + 5. Let m(v) = -2*v**3 - 31*v**2 - 15*v + 2. Let q be m(-15). Suppose 4 = q*b + 10, 0 = -y*a + 5*b + 285. What is the tens digit of a?
9
What is the units digit of 10/(-5) + 0 + 1111?
9
What is the hundreds digit of ((-4)/(-10))/((-144)/(-320)*8/240984)?
7
Let v(p) = -5*p - 14. Let x(s) = -14*s - 41. Let l(m) = -17*v(m) + 6*x(m). Let r be l(11). Suppose r*b - 192 = -b. What is the tens digit of b?
4
Suppose -u + 5593 = 6*u. Suppose 5*n + u + 1366 = 0. Let s = -252 - n. What is the tens digit of s?
8
Suppose -3*v = 279 + 2142. Let n = v - -1375. Suppose 4*s - x = n, 6*s - s - 709 = x. What is the units digit of s?
1
Let o(q) = 2*q + 3. Let w be o(-3). Let r = 245 - 242. What is the units digit of ((-635)/(-15) + w)/(2/r)?
9
Suppose -a = 604 + 76. Let g = -506 - a. What is the tens digit of g?
7
Let p = 114229 + -55458. What is the hundreds digit of p?
7
Let j be -886 - (6 + 0)*-1. Let s = j + 1363. What is the hundreds digit of s?
4
Let v(q) = q**2 + 10*q + 28. Let y(i) = -2*i**2 - 8*i - 15. Let n be y(-3). Let a be v(n). Suppose a*j - 180 = 18*j. What is the hundreds digit of j?
1
Suppose 77*g - 765369 = -105171. What is the units digit of g?
4
What is the hundreds digit of -3*(6/14 - ((-204831)/(-189) + -1))?
2
Suppose 0 = -i - 9*i + 30. Suppose -5*p + 123 = -p + z, i*z + 34 = p. What is the units digit of p?
1
Suppose -3*p + 45*k = -72579, p = k + 13907 + 10356. What is the units digit of p?
8
Suppose -16*s + 11*s + 75 = 0. Suppose 4*q - 35 = -s. Suppose f + 320 = q*f. What is the tens digit of f?
8
Let t(j) = 9*j**2 - 12*j - 2042. What is the tens digit of t(50)?
5
Let w be 1/(2/2)*(-5 - -4). Let f(s) = -3*s**2 - 6*s + 13. Let a be f(3). What is the tens digit of 760/a*4*1*w?
9
Suppose -3*t = t + 3*f - 12064, -3*t + 9037 = 5*f. What is the units digit of t?
9
What is the tens digit of 30396/(-20)*(-5)/3?
3
Suppose 4*f - 15 = 7*f, 133 = -4*o - 5*f. What is the hundreds digit of o/(-6)*5*240/9?
6
Let t(d) = 1323*d + 1606. What is the thousands digit of t(6)?
9
Suppose 11 = 23*x - 22*x. Suppose -x*y - 13*y = -8952. What is the hundreds digit of y?
3
Suppose -10*y + 71295 + 2165 = 0. What is the units digit of y?
6
What is the units digit of 10092/(-16)*(1 - 5)?
3
Let r = 72 + 103. Let v = r - 29. Suppose -2*g - 3*z = -7*g + v, g - 20 = -4*z. What is the units digit of g?
8
What is the units digit of ((-5)/25*-5)/(9/56421)?
9
Let q(l) = -6*l**3 - 9*l**2 + 13*l + 152. What is the tens digit of q(-12)?
6
Suppose -o = 5*h - 17245, -2*o = -13*h + 20*h - 34487. What is the thousands digit of o?
7
Let k(d) = 2*d + 39. Let o(i) = -i**3 + i**2 + 7*i - 8. Let s be o(3). What is the units digit of k(s)?
9
Suppose 0*h - h = 2*x - 15, -4*h + 5*x + 8 = 0. Suppose -6*p = -h*p + 15. Suppose -3*m + p = 0, 2*t = -3*m + 195 + 162. What is the tens digit of t?
7
Suppose -125*h + 5*f + 13895 = -121*h, 6928 = 2*h + 4*f. What is the thousands digit of h?
3
Let a(f) = -f**2 + 15*f - 23. Let r be a(13). Suppose r*d = 3*w + 312, 0 = -3*d - 3 + 6. Let t = w - -104. What is the units digit of t?
1
Let x be 2 + 2 + (-1 - 0). Let l be 11 + x - (-1 + -3 - -1). Suppose 3*b - 350 = -l. What is the hundreds digit of b?
1
Let y = -163 + 406. Let u = -22 + 190. Let q = y - u. What is the units digit of q?
5
Suppose -46*w + 59*w - 91 = 0. What is the units digit of (-2)/w - (0 + (-15258)/42)?
3
Let t = -2 - -6. Suppose -t*f + 16 = -0. What is the units digit of (-6)/(-4) + 2/f*139?
1
Let i(p) = 462*p**2 - 13*p + 253. What is the ten thousands digit of i(9)?
3
Let c(s) = -259*s + 50. Suppose 22 = 19*g + 60. What is the units digit of c(g)?
8
Let g be (3/2)/((-17)/(-34)). Suppose 3*i = -j + 345, 4*i - 3*j = -0*j + 473. Suppose -2*p - 119 = -3*o + g*p, -3*o + i = -2*p. What is the units digit of o?
8
Let p be (-2)/3 + (-159)/(-9). Suppose -p*i = -13*i - 12. What is the units digit of 2826/36*(i - 1)?
7
Let m(q) = 13*q**2 - q**3 - 11*q - 28*q - q + 18 + 0*q**3 + 66*q. What is the units digit of m(14)?
6
Let l = -30 - -32. Suppose -56 = -2*p - l*v, -1 = v - 5. Let s = p - -17. What is the tens digit of s?
4
Suppose -6*i + 12 = -2*i, 0 = -5*l + 2*i + 804. What is the hundreds digit of l?
1
Suppose 1746 = 8*a - 222. Let r = 504 - a. Let d = -117 + r. What is the units digit of d?
1
Suppose 3*c + 275 = -2*c. Let m be ((-22)/c)/(2/20). Suppose -m*n + 1150 = n. What is the units digit of n?
0
Let j(b) = 7*b**2 + 12*b + 4. Let t be j(-5). Suppose 3*o + 76 = 5*f, -2*o = 2*o + 4*f + 112. Let x = t + o. What is the tens digit of x?
9
Let q(y) = 19*y + 2220. What is the hundreds digit of q(8)?
3
Let j be 0*2/4 - (-2 + 0). Suppose -3*x + 8*x - 3*n = 2097, 5*x - j*n - 2098 = 0. What is the hundreds digit of x?
4
Let j(q) = 72*q**2 - 62*q - 22. What is the thousands